4). Let h be 9/(-12) - 270/l. What is the tens digit of (-2 - 52/h)/(10/(-30))?
3
Suppose 67225 = 36*l - 135347. What is the units digit of l?
7
Suppose 540 = -3*m - 480. Let p = -31 - -29. What is the units digit of 6/(-4)*m/3 - p?
2
Let f be (-2)/(2 - -2) - 45/(-18). Suppose f*a - 2*x - 204 = -6*x, 310 = 3*a + 2*x. What is the hundreds digit of a?
1
Let o(h) = -8*h - 21. Let t be o(-7). Let n = t - 35. Suppose -5*l + 33 + 397 = n. What is the tens digit of l?
8
Let x = 1755 - 1244. Suppose 4*t = 3*f + 2*f - 869, x = 3*f - 5*t. What is the hundreds digit of f?
1
Let o = -112 + 17. Let h = 166 + o. Suppose -q = 17 - h. What is the tens digit of q?
5
Let h be (-34144)/128 - 1/4. Let t = h - -728. What is the units digit of t?
1
Let y(u) = -69 - 102*u - 65*u**2 + 66*u**2 + 121*u. Suppose 7 + 6 = -2*j - 5*f, 0 = 2*j + 3*f + 3. What is the tens digit of y(j)?
8
Let n(c) = 169*c**2 - 14*c - 176. What is the tens digit of n(-6)?
9
Suppose -74*t + 87*t = 112034. What is the units digit of t?
8
Let x = -27 + 17. Let o(l) = -l**3 + 37*l**2 + 210*l - 2. Let z be o(42). What is the units digit of z*((-8195)/x)/(-11)?
9
Let j(y) = -y**3 + 27*y**2 + 50*y - 92. Let m be j(32). What is the hundreds digit of (m/35)/((-4)/30)?
7
Let p(q) = 3*q + 12. Let r be p(0). Suppose 3*k + 33 + r = 0. What is the units digit of (-383)/(-5) + (2 - (-39)/k)?
6
Suppose -10300 = -2*n + 4*k, 3389 = 2*n - 3*k - 6910. What is the thousands digit of n?
5
Let i(f) = 22*f**2 - 2*f + 17*f**2 - 45*f**2 + 17*f**2 + 26. What is the tens digit of i(-6)?
3
Let z(c) = -235*c + 7185. What is the hundreds digit of z(0)?
1
What is the thousands digit of 11935224/2772 - (-4)/11?
4
Suppose -4*o = 5*p - 71, o + 0*o + 61 = 4*p. Suppose -p = -4*v + 9*v. What is the units digit of v*116/(-12) - (-2)/2?
0
What is the units digit of 515/2 - (-10)/(-60)*(1 - -2)?
7
Suppose 381 = -21*a + 22*a - 4*l, 798 = 2*a + 4*l. Suppose -i - 1654 = -3*n, 3*i = n - a - 153. What is the tens digit of n?
5
Let b = 464 - 244. Suppose 3*o + 7*o - b = 0. What is the units digit of o?
2
Let m = 461 + -461. Suppose x + 2*n - 736 - 19 = m, x = 4*n + 755. What is the hundreds digit of x?
7
Let m = -36 - 80. Let q = m - -119. Suppose -5*a + 560 = -5*t, -2*a + q*a - 106 = 3*t. What is the units digit of a?
5
Let v be 690/78 - (67/(-13) - -5). Let k(g) = -g**3 + 11*g**2 + 11*g - 25. What is the tens digit of k(v)?
3
Suppose 4*k = -h + 4 + 14, 3*h + 2*k - 24 = 0. Let v(s) = s**2 - 7*s - 2. Let i be v(h). What is the tens digit of (i/3)/((-7)/357)?
3
Let x = 8854 + -1220. What is the hundreds digit of x?
6
Let g be (1240/(-744))/(1/69). Let a = -511 + 313. Let c = g - a. What is the units digit of c?
3
Let j be 3 + (-6 - 0) - (-9 - -8). What is the hundreds digit of j + (-1060)/(-5) + 3?
2
Suppose 58*m = 64*m - 24. Suppose -5*b = 2*a - 441, -194 = -m*b + 2*a + 166. What is the units digit of b?
9
Suppose 551 = -7*s + 13942. Let j = s + -142. What is the tens digit of j?
7
Let b be 291/15 - (-3)/5. Suppose 3*i + 8 = 2*d - d, -2*i = 3*d + b. What is the units digit of (-220)/(-24) + 4 + d/24?
3
Let a(z) = -z**2 + 2*z + 19. Let s be a(6). What is the hundreds digit of (s - -3) + (20 + 3)*46?
0
Suppose 0 = 4*q + 422 - 2950. Let b = q + -242. Suppose -4*u + b = 2*u. What is the tens digit of u?
6
Let y be (-16)/(5/((-10)/4)). Suppose y*o - 2107 - 7621 = 0. What is the hundreds digit of o?
2
Let n = 3899 + 3432. What is the thousands digit of n?
7
Suppose -40*i - 20 = -44*i. Suppose 0*b + x + 4967 = i*b, -2*x = 4. What is the units digit of b?
3
Suppose 8*q - 21 = -5. Suppose r + q*r - 2079 = 0. What is the hundreds digit of r?
6
Suppose 2*w = -4*c + 24, 3*c + 5 + 4 = 0. Let s = 70 + 32. Let l = s - w. What is the units digit of l?
4
Suppose s - 4*l - 141 = 0, 0*l - 2*l + 493 = 3*s. Suppose 0 = z - 3*n + 6*n + 58, -2*n + 375 = -5*z. Let w = z + s. What is the tens digit of w?
8
Let d(q) = 168*q**3 - 3*q**2 + 30*q. What is the tens digit of d(4)?
2
Suppose 17*x + 12261 = 35075. Let f = -743 + x. What is the tens digit of f?
9
Let l = 36069 + 7115. What is the units digit of l?
4
What is the hundreds digit of (5/10)/(15 + 2501218/(-166748))?
6
Suppose -4 = -2*r - 2. Suppose 4 = -5*c - r. What is the tens digit of ((-8 + -4)*c)/((-2)/(-13))?
7
Let n(u) = 38*u**2 + 3*u - 12. Let p be n(3). Let x = p - 61. What is the tens digit of x?
7
Let a be 3 + (-48)/15 - 5672/40. Suppose -2*k - 433 = 51. Let x = a - k. What is the units digit of x?
0
Let i = 15265 - -20685. What is the ten thousands digit of i?
3
Let n(c) be the first derivative of c**3/3 + 7*c**2 + 24*c - 16. Let x be n(13). Suppose 333 = 6*l - x. What is the tens digit of l?
1
What is the ten thousands digit of 2/(-19) - (282198861/(-11305) + (-1)/(-5))?
2
Let s(o) = -1372*o - 225. What is the units digit of s(-3)?
1
What is the tens digit of ((-33159600)/210)/(-40) + 3/7?
4
Suppose 5*y + 3*z = 11, -2*y + 15 = y - z. Suppose y*r - 55 = -r. Let u(v) = 3*v - 11. What is the tens digit of u(r)?
2
Let d(k) = 57*k**3 - 1. Let c(n) = n**3 + n**2 + n + 1. Let t = 30 + -30. Let g be c(t). What is the units digit of d(g)?
6
Suppose -g - 12*s + 12995 = -14*s, -5*s = 5*g - 64870. What is the units digit of g?
1
Let z(b) = 103*b**2 + 56*b + 731. What is the thousands digit of z(-9)?
8
Let r = 150 + -93. Suppose r*a + 1254 = 60*a. Suppose p + 440 - 46 = 2*c, -2*c = 5*p - a. What is the units digit of c?
9
Let h = 6 - 42. Let y = h + 42. Suppose -y*c + 86 = -88. What is the units digit of c?
9
Let c(n) = -n**2 - 68*n + 602. Let a be c(8). Let s(o) be the second derivative of -o**5/20 - o**4/6 + 7*o**3/6 - 3*o**2/2 + o. What is the units digit of s(a)?
9
Let d(b) = b**3 - 30*b**2 + 10*b - 61. Let i be d(29). Let q = i - -886. What is the hundreds digit of q?
2
Let o(j) be the third derivative of 313*j**4/24 - 118*j**3/3 + 2*j**2 + 3. What is the hundreds digit of o(4)?
0
Let m(w) = 121*w**2 + 35*w - 95. Suppose -10 = -4*b + g + 4, -16 = -4*b + 2*g. What is the hundreds digit of m(b)?
0
Suppose 0 = 3*f + 5*b + 5, 0 = 4*f - 2*b - 1 - 1. Suppose w - 5*m - 181 = -3*w, f = -3*w - 5*m + 92. What is the tens digit of w?
3
Suppose 5*w - 2*g = 72664, -w + 8418 + 6091 = 3*g. What is the units digit of w?
0
Suppose 61078 = 2*p - 5*b, 44*p - 47*p = b - 91651. What is the units digit of p?
9
Suppose -3*z + 0*z = i - 4624, 0 = 2*z - 4*i - 3092. What is the tens digit of 1 - (z/(-2))/3?
5
Suppose -3*m = 46 + 2. Let u be 0 + 3 + -4 + (m - -3). What is the tens digit of ((-18)/(-8))/(u/(-448))?
7
Suppose -2*s = -5*c - 25190, 5*c - 100*s = -102*s - 25210. Let t = -3490 - c. What is the hundreds digit of t?
5
Let s(x) = -x**2 + 20*x + 61. Let h be s(16). Suppose 123*j + 306 = h*j. What is the tens digit of j?
5
Suppose 1283901 + 754228 = 251*q - 2522541. What is the thousands digit of q?
8
Let v be 28/(-70) + (-1)/((-5)/(-23)). Let m(f) = -11*f + 19. Let a be m(v). Suppose 0 = 3*b + 5*p - a, -2*b + p + 30 = -b. What is the tens digit of b?
2
Suppose -73*i - 51779 = -86*i. What is the hundreds digit of i?
9
Let l(o) = 188*o**2 + 143*o - 1321. What is the tens digit of l(10)?
0
Let f(l) = -l**3 + 29*l**2 + 33*l - 56. Let a be f(30). What is the units digit of ((-1)/2*1)/(a/(-64192))?
4
Suppose -5*v = -v + 812. Let d(t) = 42*t - 1578. Let r be d(46). Let h = r + v. What is the tens digit of h?
5
Suppose -q = -4*t + 3261, -3*q - 3*t = 10398 - 675. Let b be q/(-20) - (-6)/8. Suppose 0 = z - u - b, 0*z + 323 = 2*z - u. What is the tens digit of z?
6
Let i be 5 - (-1)/(4/12)*289. Suppose -1338 = -2*x - i. What is the hundreds digit of x?
2
Let n(z) = 743*z**3 - 78*z**2 + 15*z - 4. What is the units digit of n(5)?
6
Let v = -222 - -231. Suppose -v*q - 3*q = -780. What is the tens digit of q?
6
Let c(u) = -73*u**3 + u**2 - u - 3. Let l be 48/(-112) + (-22)/14. What is the units digit of c(l)?
7
Suppose -24*g + 2*z = -21*g - 7352, -g + 2439 = -3*z. What is the hundreds digit of g?
4
Let j(u) = 6*u**2 + 4*u + 3. Let d be j(-1). Suppose 3*z - 2*i + 4735 = -i, d*i + 7925 = -5*z. What is the units digit of (3/(-6))/(5/z)?
8
Let r(a) = -12*a + 34. Let m be r(3). Let f be (m - 3) + (-6 - -584). Let v = f - 318. What is the tens digit of v?
5
Suppose -o + 87 = -43. Suppose -5*u + 6*u + b = o, u - 142 = -4*b. Suppose 0*a - 2*a 